umber?
False
Is 4201 a prime number?
True
Is 20567 a prime number?
False
Is 1882247 composite?
False
Is 3491 composite?
False
Is 5411 prime?
False
Is 340867 prime?
False
Is 2689333 a composite number?
False
Is 3947 a prime number?
True
Is 43474 a composite number?
True
Is 58109 composite?
False
Is 1255993 a composite number?
False
Is 2306523 a composite number?
True
Is 65677 a prime number?
True
Is 19003 a prime number?
False
Is 1847 composite?
False
Is 1216933 composite?
True
Is 10937 prime?
True
Is 167 composite?
False
Is 1341293 a prime number?
True
Is 336187 prime?
False
Is 116555 composite?
True
Is 2639663 a composite number?
True
Is 299743 a prime number?
True
Is 19657 a composite number?
True
Is 9505 a prime number?
False
Is 346 composite?
True
Is 1871 a composite number?
False
Is 949667 prime?
True
Is 130673 a composite number?
True
Is 363431 prime?
True
Is 18609 prime?
False
Is 1769 prime?
False
Is 119749 prime?
False
Is 1240973 a composite number?
False
Is 102217 composite?
False
Is 14401 composite?
False
Is 246469 prime?
True
Is 15403 a composite number?
True
Is 12283 prime?
False
Is 310207 prime?
False
Is 120749 prime?
True
Is 102397 a prime number?
True
Is 2366833 prime?
False
Is 35219 composite?
True
Is 386887 composite?
False
Is 3269 composite?
True
Is 1071055 prime?
False
Is 4989 prime?
False
Is 5039 a composite number?
False
Is 19931 a prime number?
False
Is 9523 composite?
True
Is 28451 prime?
False
Is 877033 composite?
True
Is 2262061 a prime number?
True
Is 150659 composite?
False
Is 108305 a prime number?
False
Is 439123 a composite number?
False
Is 395 prime?
False
Is 2253 a prime number?
False
Is 311951 a prime number?
True
Is 642611 prime?
False
Is 4621 a composite number?
False
Is 11617 composite?
False
Is 10651 a composite number?
False
Is 2155 prime?
False
Is 291769 a prime number?
False
Is 67447 a composite number?
False
Is 357763 composite?
True
Is 27179 a composite number?
False
Is 77437 a composite number?
True
Is 201962 a composite number?
True
Is 16493 composite?
False
Is 41369 composite?
True
Is 112733 a composite number?
True
Is 6677 prime?
False
Is 52282 composite?
True
Is 778958 composite?
True
Is 25867 a prime number?
True
Is 8209 a composite number?
False
Is 6371 a prime number?
False
Is 257 a prime number?
True
Is 14591 prime?
True
Is 59051 a composite number?
False
Is 187823 composite?
False
Is 69074 prime?
False
Is 13835 prime?
False
Is 3907 prime?
True
Is 33365 composite?
True
Is 21509 a prime number?
False
Is 76862 a prime number?
False
Is 67619 a composite number?
False
Is 6385 prime?
False
Is 1774549 a composite number?
True
Is 3413 a prime number?
True
Is 20887 a composite number?
False
Is 505 prime?
False
Is 1282 composite?
True
Is 36479 composite?
False
Is 11777 a composite number?
False
Is 56569 prime?
True
Is 509093 prime?
False
Is 346603 composite?
True
Is 2178409 prime?
True
Is 508637 a prime number?
True
Is 1100971 composite?
True
Is 325769 prime?
True
Is 9151 composite?
False
Is 63179 a composite number?
False
Is 12787 a prime number?
False
Is 611 a composite number?
True
Is 9533 a composite number?
False
Is 13535 composite?
True
Is 1063523 a prime number?
True
Is 228431 composite?
True
Is 24097 a prime number?
True
Is 1057781 prime?
True
Is 111767 composite?
False
Is 4211 composite?
False
Is 2203 prime?
True
Is 122 prime?
False
Is 42421 composite?
True
Is 32183 a prime number?
True
Is 55001 a composite number?
False
Is 3901 a prime number?
False
Is 869 a prime number?
False
Is 1729697 a prime number?
True
Is 108791 a composite number?
False
Is 89 composite?
False
Is 231197 a prime number?
True
Is 1274701 prime?
True
Is 16574 a prime number?
False
Is 140183 a prime number?
False
Is 289717 a prime number?
True
Is 24143 a composite number?
True
Is 31139 a prime number?
True
Is 67883 a prime number?
True
Is 111171 composite?
True
Is 7019 composite?
False
Is 17729 a composite number?
False
Is 4441 a composite number?
False
Is 89135 a prime number?
False
Is 175403 prime?
True
Is 359 a prime number?
True
Is 308159 a prime number?
False
Is 16495 composite?
True
Is 1133 composite?
True
Is 177299 composite?
True
Is 1229 composite?
False
Is 33717 a composite number?
True
Is 1256231 a prime number?
True
Is 155905 composite?
True
Is 2181 prime?
False
Is 5293 prime?
False
Is 358487 a composite number?
False
Is 1878911 a composite number?
False
Is 187279 composite?
True
Is 1759 a prime number?
True
Is 3353 prime?
False
Is 6809 a prime number?
False
Is 7387 composite?
True
Is 6487 composite?
True
Is 4493 prime?
True
Is 324391 a composite number?
False
Is 408995 a prime number?
False
Is 1759 prime?
True
Is 28169 composite?
True
Is 177423 a composite number?
True
Is 28513 a prime number?
True
Is 1544131 a composite number?
False
Is 860233 a composite number?
True
Is 152237 a composite number?
True
Is 125639 prime?
True
Is 82129 a prime number?
True
Is 2251 prime?
True
Is 84377 a composite number?
False
Is 191 a composite number?
False
Is 199003 composite?
True
Is 47373 a composite number?
True
Is 533 a composite number?
True
Is 907 composite?
False
Is 773753 a composite number?
True
Is 64063 a prime number?
True
Is 173905 a composite number?
True
Is 493 a composite number?
True
Is 999571 a prime number?
False
Is 446819 prime?
True
Is 19553 prime?
True
Is 53773 prime?
True
Is 24487 prime?
False
Is 50737 composite?
True
Is 7157 a composite number?
True
Is 1711 a composite number?
True
Is 31751 a prime number?
True
Is 3265 a prime number?
False
Is 215953 a prime number?
True
Is 11369 a composite number?
False
Is 1090046 a prime number?
False
Is 2059595 a prime number?
False
Is 19571 composite?
False
Is 428057 prime?
False
Is 176395 prime?
False
Is 737 composite?
True
Is 342301 a composite number?
True
Is 15349 prime?
True
Is 3967 a prime number?
True
Is 27299 prime?
True
Is 93355 prime?
False
Is 7789 composite?
False
Is 478897 a composite number?
False
Is 3389 prime?
True
Is 411926 a prime number?
False
Is 311951 a composite number?
False
Is 50357 a prime number?
False
Is 4619 composite?
True
Is 797977 a prime number?
True
Is 10007 composite?
False
Is 38017 a prime number?
False
Is 222137 prime?
True
Is 6157 composite?
True
Is 925481 a composite number?
True
Is 188177 prime?
False
Is 153773 prime?
False
Is 21541 a prime number?
False
Is 65249 composite?
True
Is 593801 composite?
True
Is 140953 composite?
True
Is 610418 prime?
False
Is 95549 a composite number?
False
Is 187961 composite?
True
Is 2867882 composite?
True
Is 994859 a composite number?
True
Is 6469 a composite number?
False
Is 713653 a prime number?
True
Is 19289 a composite number?
False
Is 1351541 prime?
True
Is 7067 prime?
False
Is 26957 composite?
True
Is 464801 composite?
False
Is 5381 composite?
False
Is 32255 prime?
False
Is 116819 a composite number?
False
Is 39469 a composite number?
True
Is 10091053 prime?
False
Is 893 a composite number?
True
Is 21623 a composite number?
True
Is 54719 a composite number?
True
Is 216991 a prime number?
True
Is 447961 a composite number?
False
Is 14971 a composite number?
True
Is 23869 prime?
True
Is 313217 a prime number?
False
Is 74581 prime?
False
Is 1190237 a prime number?
True
Is 1817 prime?
False
Is 923 a prime number?
False
Is 8098 a prime number?
False
Is 25913 composite?
False
Is 1259 a composite number?
False
Is 15305 a composite number?
True
Is 32297 prime?
True
Is 140759 prime?
True
Is 19105 prime?
False
Is 729139 composite?
False
Is 52159 a prime number?
False
Is 35251 a composite number?
False
Is 4303171 composite?
False
Is 46889 composite?
False
Is 110969 composite?
False
Is 1709 a prime number?
True
Is 1731 a prime number?
False
Is 1303867 composite?
False
Is 20467 prime?
False
Is 102481 a composite number?
False
Is 27791 composite?
False
Is 564863 a prime number?
False
Is 34597 a prime number?
False
Is 3037 composite?
False
Is 113279 prime?
True
Is 4303 composite?
True
Is 2323 composite?
True
Is 44071 a composite number?
False
Is 576647 composite?
False
Is 1415 a prime number?
False
Is 213659 prime?
True
Is 138721 prime?
False
Is 14719 prime?
False
Is 6767 a composite number?
True
Is 285497 a composite number?
False
Is 53077 a prime number?
True
Is 444421 a composite number?
False
Is